 124?
4
Let p(n) = 2*n**3 - 17101 - 3*n**3 + 2*n + 17120. Let m be p(-3). What is the highest common divisor of m and 128?
8
Suppose 332*f + 264 = 354*f. Suppose 0 = -2*h + 2*u + 2 + 2, 5*u = -4*h + 17. What is the highest common factor of f and h?
3
Suppose -4*m + 324 = 4*d, 3*d - m - 435 = -204. What is the highest common divisor of d and 432?
6
Suppose 175 = 7*s + 28. Let n(i) = -i**2 - 5*i - 5. Let t be n(-5). Let k(v) = -3*v - 1. Let p be k(t). Calculate the highest common factor of p and s.
7
Suppose 13*i - 9795 = -2*a + 18*i, 0 = -a + 3*i + 4899. What is the highest common factor of 30 and a?
30
Let n be (-9 + -6 - -23) + 181. What is the greatest common factor of n and 1029?
21
Suppose -2*i + 119 = -4*k - 3*i, 0 = -3*k - 5*i - 102. Let h(c) = c**2 + 33*c + 130. Let w be h(k). Calculate the highest common divisor of 6 and w.
2
Let x(q) = 3*q**2 - 107*q + 318. Let n be x(3). Let r(h) = 20*h**2 + h + 2. Let w be r(-2). What is the greatest common divisor of n and w?
8
Let p be 8 + (14/(-2) - 21916/(6 - 10)). What is the highest common factor of 200 and p?
40
Let c(i) = 2*i**3 + 17*i**2 + 10*i + 87. Let y be c(-7). Calculate the greatest common factor of 902 and y.
82
Let b be -2*-3*4/12. Let t be (b/3)/((-26)/(-195)). Suppose 13 = -t*k + 68. Calculate the highest common divisor of 77 and k.
11
Let l be 129/(-172) - 77/4. Let q(d) = -d**3 - 5*d**2 + d + 7. Let j be q(-5). Let h be (l/40)/(j/(-748)). What is the highest common factor of 17 and h?
17
Let o(z) = 21*z**2 + 28*z + 35. Let n(g) = -g**3 + 12*g**2 - 10*g - 17. Let s be n(11). Let j be o(s). Calculate the highest common divisor of 178 and j.
89
Suppose 56 = 4*w + 2*r - 4, 0 = w + 4*r - 8. Let d be 0 + 0 + 32 - 2. Let c be (-32)/(-6)*45/d. Calculate the highest common divisor of c and w.
8
Suppose -40902 = -86*t + 28*t + 77128. What is the highest common factor of 605 and t?
55
Let z(v) = v**2 + 28*v + 2. Suppose 19*b = 24*b + 140. Let j be z(b). What is the highest common factor of 19 and j?
1
Let h(a) = 3*a**2 - 150*a - 242. Let b be h(54). What is the highest common factor of 116 and b?
58
Suppose -345 - 561 = -3*c - 2*o, 4*c + 5*o - 1201 = 0. Suppose 38 = -106*x + 108*x + 2*v, 3*x = 2*v + 57. What is the highest common divisor of c and x?
19
Let t = 9335 - 2461. What is the highest common divisor of 14 and t?
14
Let y = -258 + 534. Suppose 3*g - 4*w + w - y = 0, -5*g - 4*w = -496. Calculate the greatest common factor of g and 3.
3
Let t be 1/(1*(-2)/(-154)). Let i = -43 + t. Let u be 2/13 - ((-1894)/26 + 5). Calculate the greatest common divisor of i and u.
34
Suppose 19*c = 14*c + 35. Suppose -8*i - 125 = -5*z - c*i, -3*i = 15. Calculate the highest common divisor of z and 112.
8
Let p(z) = -z**2 - 20*z + 115. Let b be p(-26). Let n = 153 + b. What is the greatest common factor of n and 84?
28
Suppose 0 = 986*y - 932*y - 8208. What is the greatest common divisor of y and 3876?
76
Suppose 19*y = -5*f + 22*y + 1528, -5*y = 2*f - 636. What is the greatest common divisor of f and 341?
11
Suppose -5*f = 4*q - 141, 15*q - 104 = -4*f + 14*q. Suppose 4*u + 1157 - 3857 = 0. Calculate the highest common factor of u and f.
25
Let r(t) = t**3 + 2*t**2 - 2*t - 2. Let f be r(-3). Let x(j) = -j + 3. Let m be x(f). Let w = 38 - m. What is the highest common divisor of w and 6?
6
Let s be (-28)/(-336)*-18*((-127)/3 + 1). Calculate the greatest common divisor of 22 and s.
2
Suppose -3*m + 10*m = 1708. Let t = m - 86. What is the greatest common divisor of 395 and t?
79
Let b = 14173 - 14073. Calculate the greatest common divisor of b and 6150.
50
Suppose 3315 = -31*m + 48*m. Calculate the greatest common divisor of m and 165.
15
Let i = 6924 - 5717. Calculate the highest common factor of i and 85.
17
Suppose -q = -4*n - 78, -4*q - 2*n = q - 280. Suppose -k = 42 - q. Calculate the highest common divisor of 24 and k.
8
Let c(t) = 13*t**3 - 4*t - 3. Suppose -7 = 7*n - 0. Let q be c(n). Let d be (0 + -1)*12/q. Calculate the highest common divisor of 2 and d.
1
Let m(z) = -z + 25. Let r be m(8). Let k = -18 - -26. Let s be -22*((-68)/k - 0). Calculate the greatest common divisor of s and r.
17
Suppose -4*l + 42708 = 2*i, 5*l + 2*i - 6*i = 53437. Calculate the highest common divisor of l and 11.
11
Let j = 87 + -146. Let r = j + 56. Let z(a) = -a**2 - 7*a - 4. Let v be z(r). What is the greatest common factor of 32 and v?
8
Let w be (29 + -5)/(1/5). Suppose 679 = -364*u + 17059. Calculate the greatest common divisor of w and u.
15
Let y be (-75 + 77)/(2/13). Suppose 0 = -y*f + 7515 + 285. What is the highest common factor of 20 and f?
20
Suppose 2*r = -5*u + 40, 0 = r - 3*u - 8 - 1. Calculate the highest common divisor of 23385 and r.
15
Suppose -m - 4 = 3*m. Let h be 55 - (m + 1)/(-1). Let j = -15 - -20. What is the greatest common divisor of j and h?
5
Let s = 477 - 217. Calculate the greatest common factor of 364 and s.
52
Let s be (1 - 3) + 42/98*-7 - -2014. What is the highest common divisor of s and 196?
49
Let o(t) be the first derivative of 3*t**2 - 83*t - 12. Let c be o(21). What is the greatest common factor of 172 and c?
43
Let y be (190/6)/((-4)/24). Let z = -135 - y. Let n be (-1 - -56)*2/5. Calculate the highest common divisor of n and z.
11
Let o(j) = 4*j**3 - 21*j**2 + 32*j - 723. Let n be o(15). Calculate the greatest common factor of 72 and n.
36
Let n be -8 - (-738 - (25 + -8)). Calculate the greatest common factor of 166 and n.
83
Let p be 4/20 + 888/185 - -10. What is the greatest common factor of 50145 and p?
15
Suppose 197*l - 192*l + 19505 = 3*z, -4*z + 26055 = 3*l. Calculate the greatest common divisor of z and 124.
62
Let r = 382 - 819. Let o = 477 + r. What is the greatest common factor of 760 and o?
40
Let w = -19 - -139. Suppose -o - 4*o - w = -5*s, 0 = -5*s + 4*o + 115. What is the greatest common factor of s and 779?
19
Let k be 48*(54/8)/9. Suppose -k = -3*x - 3*x. Let n be -8*((-15)/(-3) - x). What is the greatest common factor of 64 and n?
8
Let b(y) = 13*y**2 - 21*y - 17. Let m(t) = t**2 - 8*t - 2. Let k be m(9). Let v be b(k). What is the greatest common factor of v and 11?
11
Let j be 47/(0 + (-3)/(-45)) - (0 - 2). Calculate the highest common factor of j and 21.
7
Suppose -2*n = h, -h = -4*n - 9 - 21. Suppose 6*w - h*w = 0. Let q be -2 + (4 - w/(-3)). What is the greatest common factor of q and 2?
2
Let k = -170 + 181. Let q = 731 - 423. What is the greatest common factor of q and k?
11
Let g = 15 + -6. Let r = -9 - -11. Suppose r*v = -0*v + 12. What is the highest common divisor of g and v?
3
Let t be (-68)/(-51)*(-18)/(-8). Suppose 4*k + 1149 = 3*y + 3*k, -t*k = -3*y + 1143. What is the greatest common divisor of 64 and y?
64
Let x be 2/5 - 8/30*-6. Suppose x*w = 68 - 12. Calculate the greatest common divisor of 21 and w.
7
Suppose -7*i = -2*u + 300, 2*u - 48 = i + 252. Let b = 2 - -4. What is the highest common factor of u and b?
6
Suppose -3*l + 6416 = -4*p, 16*p - 13*p + 15 = 0. What is the greatest common divisor of 164 and l?
164
Suppose 14*u = 11*u + 96. Let g = u - 18. Let s = g + 49. Calculate the greatest common factor of 9 and s.
9
Let u(k) = k**3 - 17*k**2 + 2*k + 140. Let f be u(18). What is the greatest common factor of 110 and f?
10
Let f be 21/((-5)/(-24 - 1)). Suppose 3*x + 2*p = 63, x = -p + 3*p + 21. Calculate the greatest common factor of f and x.
21
Let v(j) = j**2 - 80*j - 72. Let y be v(81). Calculate the highest common divisor of y and 13572.
9
Suppose 0 = b + 1, 2*f - b + 239 = 4*f. Let v = 122 - f. Suppose 5*z + v*z = 91. Calculate the highest common divisor of 65 and z.
13
Let v(m) = m - 5. Let u be v(4). Let w be 2*((-44)/8)/u. Let n be 1760/(-64)*((-64)/10)/4. What is the greatest common factor of w and n?
11
Let t = 7905 + -6460. Calculate the greatest common factor of 680 and t.
85
Suppose 5*f - 204 = 4*o - 2531, 0 = 3*o + 3*f - 1725. Suppose -o = 4*c - 38. Let n = c - -198. What is the greatest common factor of n and 18?
9
Let s(d) = 3*d**2 - d - 6. Let c be s(11). Let h = c - 324. What is the highest common factor of h and 55?
11
Let k be 561/6 - -2 - (4 - (-90)/(-20)). Calculate the highest common factor of 2016 and k.
96
Suppose -15*m + 61*m = 812 + 68372. What is the highest common factor of 141 and m?
47
Suppose 5*p = 5*y